(l) = -l**3 - 10*l**2 - 2*l. Let p be o(n). What is the highest common factor of 180 and p?
20
Let d = -36 + 48. Let z(y) = -y**2 + 15*y - 13. Let p be z(d). Suppose 462 = 4*l + 3*s - 2*s, -l + 107 = -4*s. What is the highest common factor of l and p?
23
Suppose -9*b + 31 = -14. Suppose b*k + 0*k - 55 = 0. What is the greatest common factor of k and 121?
11
Let g = 650 + -554. Calculate the highest common divisor of g and 624.
48
Suppose -2 = 6*n - 32. Let y be 3/n + 126/15. Calculate the greatest common factor of 12 and y.
3
Let q = 888 + -816. What is the greatest common divisor of 4 and q?
4
Let k = 10 - 20. Let v be 5/(k/(-4)) - 32. Let x be (3/(-2))/(5/v). What is the highest common divisor of x and 27?
9
Let l be ((-6)/(-8))/(3/12). Let f(x) = -x**2 - 22*x + 162. Let y be f(5). Calculate the highest common divisor of y and l.
3
Suppose -4*w + 4 = 2*p - 42, 0 = -4*p + 3*w + 70. Suppose 181*t - 47*t - 2546 = 0. What is the greatest common divisor of t and p?
19
Let a = 6 + -3. Suppose -p = -a*p + 20. Calculate the highest common factor of 25 and p.
5
Suppose j = 5*z - 2469, -6*z - j - 1481 = -9*z. Calculate the greatest common factor of z and 39.
13
Let p(b) = b**2 - 5*b - 4. Let o be p(3). Let v(y) = -y**3 - 11*y**2 - y - 10. Let d be v(o). Let t = d + 160. Calculate the greatest common factor of 20 and t.
20
Suppose 5*u - 11*j = -6*j + 130, -4*u + 3*j + 106 = 0. Suppose -2*b + 3*b = 4. What is the highest common factor of u and b?
4
Let g(t) = -42*t**3 - 2*t**2 + t + 2. Let j = 23 - 21. Suppose 3*m = 2*o + 8, 0 = m - j. Let h be g(o). Calculate the greatest common divisor of 205 and h.
41
Suppose 0*q - 4 = -2*q. Suppose -4*w = g + 11, 2*g - 5*w - 33 = -q*w. Let x be (-1 - 0)*(-225 - -222). What is the greatest common factor of g and x?
3
Suppose 43 + 577 = 10*n. Calculate the greatest common divisor of 713 and n.
31
Let g = 329 + -302. Suppose 0 = -6*a + a + 945. Calculate the greatest common divisor of a and g.
27
Suppose 3*k + 5*d + 18 + 662 = 0, 0 = -2*d + 10. Let g be (-8)/5*-4 - (-94)/k. Calculate the greatest common divisor of g and 18.
6
Suppose -i = 4*h - 5*h - 8, 5*i + 3*h - 40 = 0. What is the highest common divisor of i and 232?
8
Let v = 6 + -3. Suppose -y = -4*s + 38, -s + 4*y = 7*y - v. Let b be (-1)/(1*-3*5/135). What is the highest common factor of s and b?
9
Suppose -1302 = u - 4*u. Suppose 0 = -3*w - y - 33 + 299, -u = -5*w - 4*y. Calculate the highest common divisor of w and 10.
10
Let n = 286 + -132. Calculate the greatest common factor of n and 28.
14
Suppose 4*s - 3 = 5. Suppose 4*f = -s*n + 48, -2*f + 24 = 3*n - 6*n. Calculate the greatest common factor of 132 and f.
12
Let f be (-4)/(-8 - -4)*0. Suppose -299 - 31 = -4*u - 2*p, 5*u - 5*p - 375 = f. What is the highest common factor of 10 and u?
10
Let s(l) = 2*l**3 + 45*l**2 + 100*l + 10. Let t be s(-20). What is the greatest common factor of t and 1090?
10
Suppose -2905 = 22*b - 29*b. Calculate the greatest common divisor of 166 and b.
83
Let i be 11/3 - 14/(-42). Suppose -i*g + 7650 = 13*g. What is the highest common divisor of g and 45?
45
Let j be (852/355)/(1/15). What is the greatest common factor of j and 99?
9
Suppose -4*g + 483 + 9 = 0. Let n = g - 70. Let s = n - 29. Calculate the greatest common divisor of 24 and s.
24
Suppose -2*i - 4 = 5*o - 17, o - 6 = 3*i. Suppose -d = -4*a + d + 638, o*d = 3. Calculate the highest common factor of a and 64.
32
Let j = 1 - -3. Let m be (3 + 0)*(-30)/45. Let p be (22/j)/(m/(-4)). What is the greatest common factor of p and 11?
11
Let s = 353 - 12. Suppose 0*b - 4*b = -44. Suppose 0 = b*t - 14*t + 93. What is the highest common factor of t and s?
31
Let x = 146 - 14. What is the greatest common factor of 12 and x?
12
Let j(f) = 3*f**2 + 10*f + 39. Let l be j(-3). Calculate the greatest common divisor of 414 and l.
18
Let k be 84/8 - (-1)/(-2). Let y(o) = o**2 - o - 10. Let u be y(11). Suppose u = z + 4*z. What is the greatest common divisor of k and z?
10
Let l = 891 + -504. Let v be (1 + -4)/(5 + 218/(-43)). Calculate the greatest common factor of l and v.
43
Suppose 15 = q - 0*q. Suppose -2*v + 3*x + 90 = -v, -q = 3*x. Calculate the highest common divisor of 15 and v.
15
Let d be 2 + -2 - (-20 + 12). Let r(a) = 3*a**2 - 2*a. Let i be r(d). Calculate the highest common divisor of 16 and i.
16
Suppose 0 = -i - 2*p + 151, -10 + 2 = -2*p. What is the greatest common factor of 26 and i?
13
Let a(g) = -g**3 - 24*g**2 - 28*g - 27. Let k be a(-23). Let u = -60 + k. Calculate the highest common divisor of u and 224.
28
Suppose -108 = -0*q - 3*q. What is the highest common factor of 72 and q?
36
Suppose 155*x - 160*x + 5115 = 0. Calculate the greatest common divisor of 99 and x.
33
Let g(j) = j**2 - 20*j + 18. Let f be g(21). Let z = -20 - 6. Let s = z + f. Calculate the highest common divisor of 65 and s.
13
Suppose -3*g = 2*y + y, 0 = -3*y + 4*g. Suppose y = -2*f + 46 + 16. Calculate the highest common factor of f and 341.
31
Suppose -4*d + 7*d = -4*q + 1040, -15 = -3*q. Calculate the greatest common divisor of d and 40.
20
Let b be (13/(-7)*-2)/(188/14476). What is the highest common factor of 22 and b?
22
Suppose 29*b - 32 = 21*b. Suppose -b*x = -3*m - 64 - 0, 3*x = m + 43. Let j be 1 + (1 - -21*3). Calculate the highest common factor of x and j.
13
Let i be 1 - (3 + -2)*-1. Suppose i*a - 2*r - 89 = 53, -135 = -2*a - 5*r. Let w be 17 - 1 - (-342)/(-57). Calculate the greatest common divisor of w and a.
10
Let i(k) = -k**3 - 6*k**2 - 10*k - 17. Let q be i(-7). Suppose -q = c - 2*c. Calculate the greatest common divisor of c and 34.
34
Let q = 35 + -30. Suppose 3*o - 83 = -q*c, -5*o - c + 83 = -26. What is the greatest common divisor of 42 and o?
21
Let f = -568 + 578. Let a(g) = 3*g - 3. Let k be a(2). Suppose -4*p = -5*y - 50, k*p - 58 = -2*p + 4*y. Calculate the greatest common factor of f and p.
10
Let c be (-2)/4 - 10/(-4). Suppose -212 + c = -5*p. What is the highest common divisor of 28 and p?
14
Let s = -2635 + 2968. What is the highest common factor of s and 148?
37
Let o be -2 + (-248)/4 + (2 - 1). Let z be (-21)/4*(-7)/(o/(-528)). What is the highest common factor of z and 28?
28
Let i be 2*3/(12/8). Suppose -2 = -i*o + 10. Suppose o*n - 15 = 4*m, 0*n + m - 21 = -2*n. Calculate the greatest common divisor of n and 36.
9
Let i be 924/242 + (-4)/(-22). Suppose -5*h = -3*d - 0*d - 653, h - i*d - 134 = 0. Calculate the highest common divisor of 13 and h.
13
Let l be 4/(-48) + (-601)/(-12)*1. What is the greatest common divisor of l and 130?
10
Suppose 2*r - 4 = -0. Let f(l) = -8*l + 11. Let x be f(-3). Suppose -2*c = 5*c - x. Calculate the greatest common factor of c and r.
1
Let g(y) = y**3 - 5*y**2 - y + 3. Let r be g(4). Let j = 51 - r. Suppose a = -a + j. Calculate the greatest common factor of 17 and a.
17
Let d be (8/(-10))/((3 - 0)/(-15)). Let o be (12/d - 31)/(2/(-3)). Let p be 3 - (-100 + (-2)/1). Calculate the greatest common factor of p and o.
21
Let u = -12 - -15. Suppose 5*j + u*q - 5*q + 12 = 0, -3*q - 5 = 4*j. Let g be 700/8 + (-1)/j. Calculate the highest common divisor of 8 and g.
8
Let m(q) = 3*q + 1. Let u be m(1). Suppose -76 = -4*r - n + 13, u*r - 5*n = 59. Calculate the greatest common divisor of r and 14.
7
Let l = -23 - -29. Let j = 11 - l. Suppose 76 = j*n - 149. Calculate the highest common factor of n and 5.
5
Let o be (((-1008)/(-35))/4)/(3/15). What is the highest common divisor of 96 and o?
12
Let v(f) = -f**3 + f**2 + 126. Let j be 3*-2*3/6. Let m be (0/j)/((-8)/(-4)). Let s be v(m). What is the greatest common factor of s and 14?
14
Let h(p) = 2*p**2 + 19*p + 16. Let t be h(-18). What is the highest common divisor of 14 and t?
14
Let r be 24/(-84) + 108/(-14). Let y be (-1 + -4)*r/5. Suppose b - 5*j - y = 0, -4*b - 5*j + 15 + 42 = 0. What is the greatest common divisor of 52 and b?
13
Let x(j) = -j**2 - 12*j - 1. Let p(r) = -r**2 - 7*r - 10. Let c be p(-7). Let z be x(c). Calculate the highest common factor of z and 171.
19
Let v be 4/30 - -1*(-1794)/(-45). Let a be -2 - (8/(-1) + 1). Suppose -z = -v + a. What is the highest common divisor of 7 and z?
7
Let d be (-9 + 4)/(-10)*-1*-8. What is the highest common factor of 36 and d?
4
Let l = 742 + -486. Calculate the greatest common 